ousands digit of 2018?
2
What is the hundreds digit of 100380?
3
What is the hundreds digit of 370?
3
What is the hundreds digit of 1650?
6
What is the thousands digit of 90577?
0
What is the tens digit of 8154?
5
What is the units digit of 2241?
1
What is the hundreds digit of 1147?
1
What is the hundreds digit of 15487?
4
What is the tens digit of 334?
3
What is the ten thousands digit of 23726?
2
What is the tens digit of 2175?
7
What is the hundreds digit of 976?
9
What is the thousands digit of 107904?
7
What is the tens digit of 261?
6
What is the thousands digit of 52584?
2
What is the units digit of 21130?
0
What is the hundreds digit of 69498?
4
What is the tens digit of 50761?
6
What is the hundreds digit of 34589?
5
What is the hundreds digit of 822?
8
What is the units digit of 1959?
9
What is the tens digit of 758?
5
What is the thousands digit of 9074?
9
What is the tens digit of 19389?
8
What is the units digit of 68896?
6
What is the units digit of 703?
3
What is the thousands digit of 206000?
6
What is the tens digit of 72?
7
What is the tens digit of 81641?
4
What is the ten thousands digit of 57607?
5
What is the ten thousands digit of 34536?
3
What is the hundreds digit of 4608?
6
What is the tens digit of 276?
7
What is the hundreds digit of 10157?
1
What is the tens digit of 1525?
2
What is the hundreds digit of 33630?
6
What is the tens digit of 1991?
9
What is the hundreds digit of 8513?
5
What is the ten thousands digit of 90393?
9
What is the ten thousands digit of 15956?
1
What is the thousands digit of 12101?
2
What is the units digit of 146425?
5
What is the thousands digit of 2353?
2
What is the hundreds digit of 9344?
3
What is the tens digit of 24077?
7
What is the hundreds digit of 2971?
9
What is the hundreds digit of 656?
6
What is the units digit of 12?
2
What is the units digit of 31321?
1
What is the tens digit of 4224?
2
What is the hundreds digit of 68510?
5
What is the tens digit of 302?
0
What is the thousands digit of 1887?
1
What is the units digit of 21904?
4
What is the hundreds digit of 68926?
9
What is the tens digit of 6949?
4
What is the units digit of 150889?
9
What is the units digit of 9?
9
What is the thousands digit of 2979?
2
What is the units digit of 63?
3
What is the hundred thousands digit of 169141?
1
What is the units digit of 7317?
7
What is the units digit of 138012?
2
What is the ten thousands digit of 14172?
1
What is the units digit of 3443?
3
What is the ten thousands digit of 94484?
9
What is the thousands digit of 68126?
8
What is the tens digit of 34184?
8
What is the hundreds digit of 4131?
1
What is the hundreds digit of 1203?
2
What is the units digit of 496?
6
What is the thousands digit of 4828?
4
What is the tens digit of 76420?
2
What is the thousands digit of 1425?
1
What is the hundreds digit of 1046?
0
What is the units digit of 85516?
6
What is the units digit of 10549?
9
What is the thousands digit of 4181?
4
What is the thousands digit of 4387?
4
What is the hundreds digit of 163?
1
What is the units digit of 265?
5
What is the hundreds digit of 20031?
0
What is the thousands digit of 64671?
4
What is the tens digit of 98861?
6
What is the hundreds digit of 345?
3
What is the hundreds digit of 1642?
6
What is the tens digit of 9044?
4
What is the hundreds digit of 1412?
4
What is the tens digit of 888?
8
What is the units digit of 17074?
4
What is the tens digit of 3546?
4
What is the units digit of 231?
1
What is the tens digit of 7192?
9
What is the tens digit of 45708?
0
What is the tens digit of 14253?
5
What is the thousands digit of 9738?
9
What is the tens digit of 985?
8
What is the units digit of 1527?
7
What is the tens digit of 32038?
3
What is the ten thousands digit of 53414?
5
What is the thousands digit of 9480?
9
What is the hundreds digit of 4933?
9
What is the units digit of 933?
3
What is the thousands digit of 1013?
1
What is the ten thousands digit of 165752?
6
What is the tens digit of 11112?
1
What is the thousands digit of 1522?
1
What is the thousands digit of 1155?
1
What is the thousands digit of 43035?
3
What is the units digit of 19874?
4
What is the units digit of 11079?
9
What is the units digit of 9186?
6
What is the hundreds digit of 708?
7
What is the hundreds digit of 634?
6
What is the units digit of 2418?
8
What is the hundreds digit of 555?
5
What is the hundreds digit of 2157?
1
What is the tens digit of 588?
8
What is the units digit of 1223?
3
What is the thousands digit of 2435?
2
What is the units digit of 95073?
3
What is the units digit of 984?
4
What is the hundreds digit of 5887?
8
What is the hundreds digit of 24583?
5
What is the units digit of 5631?
1
What is the units digit of 346?
6
What is the units digit of 4?
4
What is the thousands digit of 4890?
4
What is the tens digit of 2074?
7
What is the hundreds digit of 2526?
5
What is the hundreds digit of 112272?
2
What is the ten thousands digit of 15735?
1
What is the tens digit of 5357?
5
What is the units digit of 6371?
1
What is the hundred thousands digit of 155425?
1
What is the ten thousands digit of 11295?
1
What is the hundreds digit of 22268?
2
What is the tens digit of 128?
2
What is the units digit of 1668?
8
What is the hundreds digit of 829?
8
What is the ten thousands digit of 75862?
7
What is the thousands digit of 1596?
1
What is the thousands digit of 32495?
2
What is the tens digit of 7964?
6
What is the thousands digit of 57278?
7
What is the hundreds digit of 5645?
6
What is the ten thousands digit of 10051?
1
What is the hundreds digit of 8420?
4
What is the ten thousands digit of 45841?
4
What is the hundred thousands digit of 117851?
1
What is the hundreds digit of 5698?
6
What is the thousands digit of 116204?
6
What is the thousands digit of 18165?
8
What is the units digit of 334?
4
What is the tens digit of 1572?
7
What is the thousands digit of 17444?
7
What is the ten thousands digit of 18894?
1
What is the tens digit of 5233?
3
What is the tens digit of 1115?
1
What is the thousands digit of 2871?
2
What is the ten thousands digit of 40426?
4
What is the units digit of 23340?
0
What is the thousands digit of 137334?
7
What is the tens digit of 28?
2
What is the hundreds digit of 3934?
9
What is the tens digit of 5278?
7
What is the hundreds digit of 97693?
6
What is the hundreds digit of 7785?
7
What is the tens digit of 27114?
1
What is the tens digit of 10918?
1
What is the tens digit of 165?
6
What is the tens digit of 118?
1
What is the ten thousands digit of 18407?
1
What is the hundreds digit of 1498?
4
What is the units digit of 5748?
8
What is the ten thousands digit of 51354?
5
What is the units digit of 3681?
1
What is the units digit of 600?
0
What is the ten thousands digit of 10176?
1
What is the tens digit of 4276?
7
What is the units digit of 104149?
9
What is the tens digit of 70219?
1
What is the units digit of 24279?
9
What is the units digit of 9529?
9
What is the thousands digit of 28588?
8
What is the units digit of 638?
8
What is the tens digit of 375?
7
What is the hundreds digit of 1594?
5
What is the tens digit of 2459?
5
What is the hundreds digit of 263?
2
What is the ten thousands digit of 14793?
1
What is the tens digit of 51827?
2
What is the hundreds digit of 460?
4
What is the units digit of 110?
0
What is the hundreds digit of 19371?
3
What is the hundreds digit of 1145?
1
What is the thousands digit of 10248?
0
What is the hundreds digit of 565?
5
What is the units digit of 45719?
9
What is the hundreds digit of 43922?
9
What is the hundreds digit of 89717?
7
What is the tens digit of 4248?
4
What is the hundreds digit of 28757?
7
What is the tens digit of 1119?
1
What is the hundreds digit of 3220?
2
What is the tens digit of 2073?
7
What is the hundreds digit of 966?
9
What is the tens digit of 5380?
8
What is the tens digit of 3398?
9
What is the units digit of 1417?
7
What is the units digit of 165654?
4
What is the thousands digit of 3426?
3
What is the tens digit of 4137?
3
What is the tens digit of 20320?
2
What is the hundreds digit of 567?
5
What is the units digit of 49477?
7
What is the thousands digit of 1588?
1
What is the tens digit of 7910?
1
What is the hundreds digit of 8341?
